 is the thousands digit of f?
1
Let b(k) = 13*k**3 + k**2 - 6*k - 22. Let w be b(5). Suppose z + 321 = x, -8*x + 2*z = -13*x + w. What is the units digit of x?
0
What is the units digit of ((-5548800)/63)/(-40) + 2/21?
2
Let q be 22/2 + 2 + -2. Suppose 14*c + q*c = 19900. What is the units digit of c?
6
Let q be (-15)/60 - 1217/(-4). Let k = q + -257. What is the units digit of k?
7
Suppose -x + 0*o = -3*o - 397, -1166 = -3*x + 4*o. Suppose -13*b + x = -12*b. Suppose -b = -2*m - 0*y + 3*y, 0 = 3*m - 4*y - 572. What is the units digit of m?
8
Suppose 33*m = 2*m + 434. Suppose 434 = m*v - 5978. What is the units digit of v?
8
Let j be (-1 - 13/(-1)) + 1/1. Let w(f) = 10*f - 49 + f - j + 23. What is the tens digit of w(10)?
7
What is the ten thousands digit of 13 + (-4166019)/(-153) + (-2)/(-17)?
2
Suppose -10 - 6 = 4*h. Let q be (66/8 + -2)/((-1)/h). What is the hundreds digit of ((-5)/(q/12))/(28/(-1260))?
1
Let f(k) = 237*k**2 - 18*k - 41. What is the ten thousands digit of f(-8)?
1
Suppose b - 5*g - 30152 = 0, 1221*b - 1220*b - 30117 = -2*g. What is the ten thousands digit of b?
3
Suppose 0 = 85*g - 86*g, 5*q = 2*g + 446480. What is the thousands digit of q?
9
Let n = -7602 + 32598. What is the hundreds digit of n?
9
Suppose 4*t - 3744 = 2*j - 5*j, 0 = 4*t. Suppose -2*s = 2*z - j, -1244 = -2*s + z - 4*z. What is the hundreds digit of s?
6
Let n = -101 + 184. Let h = 161 + n. What is the units digit of h?
4
Suppose 0 = -5*h + 3*v + 37742, -55*h + 6*v = -53*h - 15092. What is the units digit of h?
9
Suppose 5*v + 2*u - 3214 = 3*u, 0 = 3*v + u - 1922. Suppose 4*p - v = 22. What is the tens digit of p?
6
Let b be (-26)/10 + 2/(-5). Let t(x) be the third derivative of -3*x**4/4 + 7*x**3/6 - 5*x**2 - 4. What is the units digit of t(b)?
1
Suppose 5*f - 43*o + 45*o = 253531, -f + 4*o + 50693 = 0. What is the units digit of f?
5
Suppose 2*g - 78 = -n, -g + 2*g = 5*n + 50. Suppose -8*x + 0 + g = 0. Suppose -x*j + 108 = -2. What is the tens digit of j?
2
Let n(y) = -y**3 - 15*y**2 - 12*y + 1. Let w be n(-14). Let o = w + 29. Suppose -3*v + o*v + 56 = 0. What is the tens digit of v?
5
Let x = -209 - -218. Suppose -5*z + 806 = o, x*o = 3*z + 10*o - 482. What is the hundreds digit of z?
1
What is the tens digit of 19865/7 - (-30)/(-35)?
3
Let i be 4 + (-2 - -3*2/3). Suppose i*g - 2*q - 44 = -294, -3*q + 192 = -3*g. Let f = -54 - g. What is the units digit of f?
7
Let y = -375 - -138. Let m = 106 - y. What is the units digit of m?
3
Suppose -7*f - 4*f = -7*f. Suppose f = -2*c - 3*i - 208 + 917, 2*i = 3*c - 1057. What is the units digit of c?
3
Suppose 2850 = -23*m + 26*m. Let z = m + -314. What is the units digit of z?
6
Suppose -5*a - 5*w = -8265, -85*a + 5*w = -88*a + 4969. What is the hundreds digit of a?
6
Suppose 2*s - 16 = 2*l, 2*s - 8 = 3*l + 18. Let r = l + -140. Let d = r + 274. What is the hundreds digit of d?
1
Suppose 5*f + 5*t - 10027 = 9*t, 2*t = 5*f - 10031. Suppose -3*a + 11*p - 14*p + f = 0, -20 = 4*p. What is the tens digit of a?
7
Suppose -4*j + 2*k = -724, 2*j + 557 = 5*j - 5*k. Let g = 578 - j. Let o = g + -195. What is the units digit of o?
4
Suppose -207*z + c = -205*z - 94976, 4*z + 3*c - 189932 = 0. What is the hundreds digit of z?
4
Let i be ((-6)/(-1))/3 + 2. Suppose i = 7*j + 11. Let m(w) = 190*w**2 - w. What is the hundreds digit of m(j)?
1
Let h = 22243 - 14048. What is the thousands digit of h?
8
Let t = 10651 + 19319. What is the hundreds digit of (4/(-6))/((-27)/t)?
7
Suppose 3*x + 24009 = 3*o, 7*o - 12*o = 2*x - 40043. What is the thousands digit of o?
8
Let c = 78688 + -24058. What is the units digit of c?
0
Let y(o) = -2*o**2 + 4*o + 33. Let i be y(8). Let s = i + 68. Suppose s*v + 9*v - 2198 = 0. What is the units digit of v?
7
Suppose 15027 = 3*p + 5*u, 836*u = 832*u + 24. What is the tens digit of p?
9
Let g(w) = -w**2 - 17*w + 4. Let p(a) = 0*a**2 - 5 + 0*a - a**2 - a. Let v be p(-3). What is the tens digit of g(v)?
7
Let g(x) = 6*x**3 - 5*x**2 - 9*x**2 + 10*x**2 - 12 - 58*x + 1 + 47*x. What is the thousands digit of g(7)?
1
Suppose 0*w = -3*w - 12, -4*f = 5*w - 224. Let g = f + -37. What is the units digit of g?
4
Let d = -291 - -294. Let i(q) = 81*q - 57. What is the units digit of i(d)?
6
Suppose 367 = 13*h - 14*h. Let u = 215 - h. What is the units digit of u?
2
Let p(m) = -12*m + 2. Let d(l) = 1. Let q(f) = -8*d(f) - p(f). Let r be q(-4). Let i = 4 - r. What is the units digit of i?
2
Suppose -38*f - 80 + 4 = 0. What is the hundreds digit of -10*(-28)/f*-4?
5
Let n = -1729 - -792. Let q = -595 - n. Let l = q - 185. What is the units digit of l?
7
Let i(u) = u + 4. Let c be i(-2). Suppose -2*v + 2*p + 40 = 0, -7*v + 101 = -c*v - 4*p. Let j = 31 + v. What is the units digit of j?
2
Suppose -4 = 17*v + 200. Let o(x) = -58*x + 130. What is the hundreds digit of o(v)?
8
Let i(w) = -50*w + 1188. What is the hundreds digit of i(-49)?
6
Let z(w) = -8*w**3 - 3*w**2 + 13. Let m = -51 + -15. Let h = m + 63. What is the units digit of z(h)?
2
Let j = -808 - -1192. Suppose 5*i - 1510 = 5*s, 2*i - 3*s - j = 222. What is the units digit of i?
0
Let b be -685*(2 + ((-83)/5 - -5)). Suppose -49*d + 55*d = b. What is the tens digit of d?
9
Let a be -5 - ((1 - -4) + -6 + 4). Let k(u) = -3*u**3 - 12*u**2 - 23*u - 137. What is the hundreds digit of k(a)?
8
Suppose 11*n = 9739 + 7113. What is the units digit of n/2 - (-7)/(9 + -2)?
7
Let u(d) = 4*d**2 + 29*d + 13. Let t be u(-7). Let p(q) = -q**3 + 14*q**2 + 4*q + 14 - 21*q**2 + 2*q**3. What is the units digit of p(t)?
2
Let d(r) = r**3 - r**2 - 2*r + 36. Let g be d(0). Let h be (-5)/((-15)/g) + (-2 - 1). Suppose -h*l = -5*l - 260. What is the units digit of l?
5
Let y = 36641 - 8558. What is the hundreds digit of y?
0
Let p(y) = 7*y + 5. Let x be p(-1). What is the tens digit of (-2364)/(-8) + (-1)/x?
9
Suppose 245*d - 249*d = -29668. What is the units digit of d?
7
Let c = -28 - -18. Let a be 1*-2 + (c - -115). Let y = a - 64. What is the tens digit of y?
3
Suppose 2*x + 4*y + 3 = -x, 4*y = -x - 9. Suppose -x*t + 5*q = -1080, -6*q + 1781 = 5*t - 8*q. What is the units digit of t?
5
Let r(q) = -460*q - 4216. What is the thousands digit of r(-24)?
6
Let h(x) = 8*x**3 - 5*x**2 + 3*x + 4. Let y(f) = -f**2 + 14*f - 31. Let i be y(11). What is the tens digit of h(i)?
5
Let a(y) = -y**2 + 13*y - 8. Let z be a(6). Let j = 225 + z. What is the hundreds digit of j?
2
Suppose -5*n + n + 5*u + 27663 = 0, n - 6906 = -2*u. What is the hundreds digit of n?
9
Let v(y) = 74*y**2 - 3*y - 2. Let o be ((-6)/15)/(2/10). Let f be v(o). Suppose -5*h + f = -h. What is the tens digit of h?
7
Let n(c) = 13059*c**2 + 7*c + 7. What is the thousands digit of n(-1)?
3
What is the units digit of ((-186)/(-2))/(-7 - (-1760)/242)?
1
Suppose 253*h + 14508 = 292*h. What is the hundreds digit of h?
3
Suppose 6*g - 8*g - 4*l - 1610 = 0, 0 = -3*l + 9. Let m = 1982 + g. What is the hundreds digit of m?
1
What is the tens digit of 5*2*(-630331)/(-130)?
8
Let w(r) = -r**2 - 14*r + 18. Let l(t) = -2*t**2 - t + 2. Let i be l(-4). Let b be w(i). Let p = b - -412. What is the hundreds digit of p?
1
Suppose -115*v = -118*v + 5*w + 18370, 4*v = -4*w + 24440. What is the units digit of v?
5
What is the ten thousands digit of (-1 - 1395)/((-218)/(-74) + (-168 - -165))?
2
Let s be (-3)/(-2)*(-3 + 5). Suppose 5*f - j = 9*f - 1939, 5*f - 2429 = -s*j. What is the units digit of f?
4
Let w(h) = h**3 + 13*h**2 + 16*h - 6. Let i be w(-12). Let a = i - -58. Suppose -91 = -a*v + 481. What is the units digit of v?
3
Suppose -f + 211 = -4*m, 233 + 173 = 2*f - 4*m. Let x be (204/(-340))/(1/(-490)). Suppose 3*t + d - x = -3*d, 2*t - f = -3*d. What is the hundreds digit of t?
1
Suppose 721 = -w + 2*p, -48*w + 2*p - 2908 = -44*w. Let j = -251 - w. What is the hundreds digit of j?
4
Let v(u) = -28*u**3 + 4*u**2 - 42*u - 415. What is the tens digit of v(-7)?
7
Let s = 98312 - 54000. What is the tens digit of s?
1
Let t(h) = -4*h**3 + 4*h**2 + 9*h + 6. Let g be t(-2). Suppose 5*v - 56 + g = 0. Suppose 3*b = -15, -v*d + 5*d + 3*b = 127. What is the tens digit of d?
4
Suppose -10*u + 11*u = 4. Suppose -3*p + 2*v + 247 + 1681 = 0, -2*v + 2552 = u*p. What is the tens digit of p?
4
Let x be 3/(-6) - (-165)/6. Suppose 0 = 3*h - x - 51. Suppose 68 + h